{"id":7363,"date":"2019-03-01T12:01:56","date_gmt":"2019-03-01T12:01:56","guid":{"rendered":"https:\/\/dohiku.eu\/shop\/nezaraden\u00e9\/jan-kretek-ceska-republika\/"},"modified":"2019-03-01T12:01:56","modified_gmt":"2019-03-01T12:01:56","slug":"jan-kretek-ceska-republika","status":"publish","type":"product","link":"https:\/\/dohiku.eu\/sk\/shop\/galeria-ohlasy\/jan-kretek-ceska-republika\/","title":{"rendered":"Jan Kretek (\u010cesk\u00e1 republika)"},"content":{"rendered":"<p>Dobr\u00fd ve\u010der,<\/p>\n<div>h\u00e1\u010dky v pond\u011bl\u00ed dorazili . D\u011bkujeme zavzorky . Na 301 jsem hned za\u010dal v\u00e1zat do krabi\u010dky \ud83d\ude42 a do obchodu a putovalo pod fot\u00e1k \ud83d\ude42 P\u00e1r fotek na uk\u00e1zku p\u0159ikl\u00e1d\u00e1m .-)<\/div>\n<div>S pozdravem<\/div>\n","protected":false},"excerpt":{"rendered":"<p>Dobr\u00fd ve\u010der,<\/p>\n<div>h\u00e1\u010dky v pond\u011bl\u00ed dorazili . D\u011bkujeme zavzorky . Na 301 jsem hned za\u010dal v\u00e1zat do krabi\u010dky \ud83d\ude42 a do obchodu a putovalo pod fot\u00e1k \ud83d\ude42 P\u00e1r fotek na uk\u00e1zku p\u0159ikl\u00e1d\u00e1m .-)<\/div>\n<div>S pozdravem<\/div>\n","protected":false},"featured_media":5944,"comment_status":"","ping_status":"closed","template":"","meta":[],"product_brand":[],"product_cat":[606],"product_tag":[],"class_list":{"0":"post-7363","1":"product","2":"type-product","3":"status-publish","4":"has-post-thumbnail","6":"product_cat-galeria-ohlasy","8":"first","9":"outofstock","10":"taxable","11":"shipping-taxable","12":"product-type-simple"},"yoast_head":"<!-- This site is optimized with the Yoast SEO plugin v27.4 - https:\/\/yoast.com\/product\/yoast-seo-wordpress\/ -->\n<title>Jan Kretek (\u010cesk\u00e1 republika) - DOHIKU<\/title>\n<meta name=\"robots\" content=\"index, follow, max-snippet:-1, max-image-preview:large, max-video-preview:-1\" \/>\n<link rel=\"canonical\" href=\"https:\/\/dohiku.eu\/sk\/shop\/galeria-ohlasy\/jan-kretek-ceska-republika\/\" \/>\n<meta property=\"og:locale\" content=\"sk_SK\" \/>\n<meta property=\"og:type\" content=\"article\" \/>\n<meta property=\"og:title\" content=\"Jan Kretek (\u010cesk\u00e1 republika) - DOHIKU\" \/>\n<meta property=\"og:description\" content=\"Dobr\u00fd ve\u010der, h\u00e1\u010dky v pond\u011bl\u00ed dorazili . D\u011bkujeme zavzorky . Na 301 jsem hned za\u010dal v\u00e1zat do krabi\u010dky :-) a do obchodu a putovalo pod fot\u00e1k :-) P\u00e1r fotek na uk\u00e1zku p\u0159ikl\u00e1d\u00e1m .-) S pozdravem\" \/>\n<meta property=\"og:url\" content=\"https:\/\/dohiku.eu\/sk\/shop\/galeria-ohlasy\/jan-kretek-ceska-republika\/\" \/>\n<meta property=\"og:site_name\" content=\"DOHIKU\" \/>\n<meta name=\"twitter:card\" content=\"summary_large_image\" \/>\n<script type=\"application\/ld+json\" class=\"yoast-schema-graph\">{\"@context\":\"https:\\\/\\\/schema.org\",\"@graph\":[{\"@type\":\"WebPage\",\"@id\":\"https:\\\/\\\/dohiku.eu\\\/sk\\\/shop\\\/galeria-ohlasy\\\/jan-kretek-ceska-republika\\\/\",\"url\":\"https:\\\/\\\/dohiku.eu\\\/sk\\\/shop\\\/galeria-ohlasy\\\/jan-kretek-ceska-republika\\\/\",\"name\":\"Jan Kretek (\u010cesk\u00e1 republika) - DOHIKU\",\"isPartOf\":{\"@id\":\"https:\\\/\\\/dohiku.eu\\\/sk\\\/#website\"},\"primaryImageOfPage\":{\"@id\":\"https:\\\/\\\/dohiku.eu\\\/sk\\\/shop\\\/galeria-ohlasy\\\/jan-kretek-ceska-republika\\\/#primaryimage\"},\"image\":{\"@id\":\"https:\\\/\\\/dohiku.eu\\\/sk\\\/shop\\\/galeria-ohlasy\\\/jan-kretek-ceska-republika\\\/#primaryimage\"},\"thumbnailUrl\":\"https:\\\/\\\/dohiku.eu\\\/wp-content\\\/uploads\\\/2019\\\/03\\\/1325-Jan-Kretek-Ceska-republika.jpg\",\"datePublished\":\"2019-03-01T12:01:56+00:00\",\"breadcrumb\":{\"@id\":\"https:\\\/\\\/dohiku.eu\\\/sk\\\/shop\\\/galeria-ohlasy\\\/jan-kretek-ceska-republika\\\/#breadcrumb\"},\"inLanguage\":\"sk-SK\",\"potentialAction\":[{\"@type\":\"ReadAction\",\"target\":[\"https:\\\/\\\/dohiku.eu\\\/sk\\\/shop\\\/galeria-ohlasy\\\/jan-kretek-ceska-republika\\\/\"]}]},{\"@type\":\"ImageObject\",\"inLanguage\":\"sk-SK\",\"@id\":\"https:\\\/\\\/dohiku.eu\\\/sk\\\/shop\\\/galeria-ohlasy\\\/jan-kretek-ceska-republika\\\/#primaryimage\",\"url\":\"https:\\\/\\\/dohiku.eu\\\/wp-content\\\/uploads\\\/2019\\\/03\\\/1325-Jan-Kretek-Ceska-republika.jpg\",\"contentUrl\":\"https:\\\/\\\/dohiku.eu\\\/wp-content\\\/uploads\\\/2019\\\/03\\\/1325-Jan-Kretek-Ceska-republika.jpg\",\"width\":800,\"height\":800},{\"@type\":\"BreadcrumbList\",\"@id\":\"https:\\\/\\\/dohiku.eu\\\/sk\\\/shop\\\/galeria-ohlasy\\\/jan-kretek-ceska-republika\\\/#breadcrumb\",\"itemListElement\":[{\"@type\":\"ListItem\",\"position\":1,\"name\":\"Home\",\"item\":\"https:\\\/\\\/dohiku.eu\\\/sk\\\/\"},{\"@type\":\"ListItem\",\"position\":2,\"name\":\"PRODUCTS\",\"item\":\"https:\\\/\\\/dohiku.eu\\\/sk\\\/products\\\/\"},{\"@type\":\"ListItem\",\"position\":3,\"name\":\"Jan Kretek (\u010cesk\u00e1 republika)\"}]},{\"@type\":\"WebSite\",\"@id\":\"https:\\\/\\\/dohiku.eu\\\/sk\\\/#website\",\"url\":\"https:\\\/\\\/dohiku.eu\\\/sk\\\/\",\"name\":\"DOHIKU\",\"description\":\"H\u00e1\u010diky DOHIKU s\u00fa vyroben\u00e9 z vysoko uhl\u00edkovej ocele, ktor\u00e1 je kalen\u00e1 a pop\u00fa\u0161\u0165an\u00e1 pod\u013ea presn\u00e9ho receptu.\",\"publisher\":{\"@id\":\"https:\\\/\\\/dohiku.eu\\\/sk\\\/#organization\"},\"potentialAction\":[{\"@type\":\"SearchAction\",\"target\":{\"@type\":\"EntryPoint\",\"urlTemplate\":\"https:\\\/\\\/dohiku.eu\\\/sk\\\/?s={search_term_string}\"},\"query-input\":{\"@type\":\"PropertyValueSpecification\",\"valueRequired\":true,\"valueName\":\"search_term_string\"}}],\"inLanguage\":\"sk-SK\"},{\"@type\":\"Organization\",\"@id\":\"https:\\\/\\\/dohiku.eu\\\/sk\\\/#organization\",\"name\":\"DOHIKU s.r.o.\",\"url\":\"https:\\\/\\\/dohiku.eu\\\/sk\\\/\",\"logo\":{\"@type\":\"ImageObject\",\"inLanguage\":\"sk-SK\",\"@id\":\"https:\\\/\\\/dohiku.eu\\\/sk\\\/#\\\/schema\\\/logo\\\/image\\\/\",\"url\":\"https:\\\/\\\/dohiku.eu\\\/wp-content\\\/uploads\\\/2024\\\/01\\\/cropped-dohiku.png\",\"contentUrl\":\"https:\\\/\\\/dohiku.eu\\\/wp-content\\\/uploads\\\/2024\\\/01\\\/cropped-dohiku.png\",\"width\":137,\"height\":87,\"caption\":\"DOHIKU s.r.o.\"},\"image\":{\"@id\":\"https:\\\/\\\/dohiku.eu\\\/sk\\\/#\\\/schema\\\/logo\\\/image\\\/\"}}]}<\/script>\n<!-- \/ Yoast SEO plugin. -->","yoast_head_json":{"title":"Jan Kretek (\u010cesk\u00e1 republika) - DOHIKU","robots":{"index":"index","follow":"follow","max-snippet":"max-snippet:-1","max-image-preview":"max-image-preview:large","max-video-preview":"max-video-preview:-1"},"canonical":"https:\/\/dohiku.eu\/sk\/shop\/galeria-ohlasy\/jan-kretek-ceska-republika\/","og_locale":"sk_SK","og_type":"article","og_title":"Jan Kretek (\u010cesk\u00e1 republika) - DOHIKU","og_description":"Dobr\u00fd ve\u010der, h\u00e1\u010dky v pond\u011bl\u00ed dorazili . D\u011bkujeme zavzorky . Na 301 jsem hned za\u010dal v\u00e1zat do krabi\u010dky :-) a do obchodu a putovalo pod fot\u00e1k :-) P\u00e1r fotek na uk\u00e1zku p\u0159ikl\u00e1d\u00e1m .-) S pozdravem","og_url":"https:\/\/dohiku.eu\/sk\/shop\/galeria-ohlasy\/jan-kretek-ceska-republika\/","og_site_name":"DOHIKU","twitter_card":"summary_large_image","schema":{"@context":"https:\/\/schema.org","@graph":[{"@type":"WebPage","@id":"https:\/\/dohiku.eu\/sk\/shop\/galeria-ohlasy\/jan-kretek-ceska-republika\/","url":"https:\/\/dohiku.eu\/sk\/shop\/galeria-ohlasy\/jan-kretek-ceska-republika\/","name":"Jan Kretek (\u010cesk\u00e1 republika) - DOHIKU","isPartOf":{"@id":"https:\/\/dohiku.eu\/sk\/#website"},"primaryImageOfPage":{"@id":"https:\/\/dohiku.eu\/sk\/shop\/galeria-ohlasy\/jan-kretek-ceska-republika\/#primaryimage"},"image":{"@id":"https:\/\/dohiku.eu\/sk\/shop\/galeria-ohlasy\/jan-kretek-ceska-republika\/#primaryimage"},"thumbnailUrl":"https:\/\/dohiku.eu\/wp-content\/uploads\/2019\/03\/1325-Jan-Kretek-Ceska-republika.jpg","datePublished":"2019-03-01T12:01:56+00:00","breadcrumb":{"@id":"https:\/\/dohiku.eu\/sk\/shop\/galeria-ohlasy\/jan-kretek-ceska-republika\/#breadcrumb"},"inLanguage":"sk-SK","potentialAction":[{"@type":"ReadAction","target":["https:\/\/dohiku.eu\/sk\/shop\/galeria-ohlasy\/jan-kretek-ceska-republika\/"]}]},{"@type":"ImageObject","inLanguage":"sk-SK","@id":"https:\/\/dohiku.eu\/sk\/shop\/galeria-ohlasy\/jan-kretek-ceska-republika\/#primaryimage","url":"https:\/\/dohiku.eu\/wp-content\/uploads\/2019\/03\/1325-Jan-Kretek-Ceska-republika.jpg","contentUrl":"https:\/\/dohiku.eu\/wp-content\/uploads\/2019\/03\/1325-Jan-Kretek-Ceska-republika.jpg","width":800,"height":800},{"@type":"BreadcrumbList","@id":"https:\/\/dohiku.eu\/sk\/shop\/galeria-ohlasy\/jan-kretek-ceska-republika\/#breadcrumb","itemListElement":[{"@type":"ListItem","position":1,"name":"Home","item":"https:\/\/dohiku.eu\/sk\/"},{"@type":"ListItem","position":2,"name":"PRODUCTS","item":"https:\/\/dohiku.eu\/sk\/products\/"},{"@type":"ListItem","position":3,"name":"Jan Kretek (\u010cesk\u00e1 republika)"}]},{"@type":"WebSite","@id":"https:\/\/dohiku.eu\/sk\/#website","url":"https:\/\/dohiku.eu\/sk\/","name":"DOHIKU","description":"H\u00e1\u010diky DOHIKU s\u00fa vyroben\u00e9 z vysoko uhl\u00edkovej ocele, ktor\u00e1 je kalen\u00e1 a pop\u00fa\u0161\u0165an\u00e1 pod\u013ea presn\u00e9ho receptu.","publisher":{"@id":"https:\/\/dohiku.eu\/sk\/#organization"},"potentialAction":[{"@type":"SearchAction","target":{"@type":"EntryPoint","urlTemplate":"https:\/\/dohiku.eu\/sk\/?s={search_term_string}"},"query-input":{"@type":"PropertyValueSpecification","valueRequired":true,"valueName":"search_term_string"}}],"inLanguage":"sk-SK"},{"@type":"Organization","@id":"https:\/\/dohiku.eu\/sk\/#organization","name":"DOHIKU s.r.o.","url":"https:\/\/dohiku.eu\/sk\/","logo":{"@type":"ImageObject","inLanguage":"sk-SK","@id":"https:\/\/dohiku.eu\/sk\/#\/schema\/logo\/image\/","url":"https:\/\/dohiku.eu\/wp-content\/uploads\/2024\/01\/cropped-dohiku.png","contentUrl":"https:\/\/dohiku.eu\/wp-content\/uploads\/2024\/01\/cropped-dohiku.png","width":137,"height":87,"caption":"DOHIKU s.r.o."},"image":{"@id":"https:\/\/dohiku.eu\/sk\/#\/schema\/logo\/image\/"}}]}},"_links":{"self":[{"href":"https:\/\/dohiku.eu\/sk\/wp-json\/wp\/v2\/product\/7363","targetHints":{"allow":["GET"]}}],"collection":[{"href":"https:\/\/dohiku.eu\/sk\/wp-json\/wp\/v2\/product"}],"about":[{"href":"https:\/\/dohiku.eu\/sk\/wp-json\/wp\/v2\/types\/product"}],"replies":[{"embeddable":true,"href":"https:\/\/dohiku.eu\/sk\/wp-json\/wp\/v2\/comments?post=7363"}],"wp:featuredmedia":[{"embeddable":true,"href":"https:\/\/dohiku.eu\/sk\/wp-json\/wp\/v2\/media\/5944"}],"wp:attachment":[{"href":"https:\/\/dohiku.eu\/sk\/wp-json\/wp\/v2\/media?parent=7363"}],"wp:term":[{"taxonomy":"product_brand","embeddable":true,"href":"https:\/\/dohiku.eu\/sk\/wp-json\/wp\/v2\/product_brand?post=7363"},{"taxonomy":"product_cat","embeddable":true,"href":"https:\/\/dohiku.eu\/sk\/wp-json\/wp\/v2\/product_cat?post=7363"},{"taxonomy":"product_tag","embeddable":true,"href":"https:\/\/dohiku.eu\/sk\/wp-json\/wp\/v2\/product_tag?post=7363"}],"curies":[{"name":"wp","href":"https:\/\/api.w.org\/{rel}","templated":true}]}}

https://dohiku.eu/shop/nezaradené/jan-kretek-ceska-republika/

Jan Kretek (Česká republika)

<p>Dobrý večer,</p>
<div>háčky v pondělí dorazili . Děkujeme zavzorky . Na 301 jsem hned začal vázat do krabičky 🙂 a do obchodu a putovalo pod foták 🙂 Pár fotek na ukázku přikládám .-)</div>
<div>S pozdravem</div>

<!-- This site is optimized with the Yoast SEO plugin v27.4 - https://yoast.com/product/yoast-seo-wordpress/ -->
<title>Jan Kretek (Česká republika) - DOHIKU</title>
<meta name="robots" content="index, follow, max-snippet:-1, max-image-preview:large, max-video-preview:-1" />
<link rel="canonical" href="https://dohiku.eu/sk/shop/galeria-ohlasy/jan-kretek-ceska-republika/" />
<meta property="og:locale" content="sk_SK" />
<meta property="og:type" content="article" />
<meta property="og:title" content="Jan Kretek (Česká republika) - DOHIKU" />
<meta property="og:description" content="Dobrý večer, háčky v pondělí dorazili . Děkujeme zavzorky . Na 301 jsem hned začal vázat do krabičky :-) a do obchodu a putovalo pod foták :-) Pár fotek na ukázku přikládám .-) S pozdravem" />
<meta property="og:url" content="https://dohiku.eu/sk/shop/galeria-ohlasy/jan-kretek-ceska-republika/" />
<meta property="og:site_name" content="DOHIKU" />
<meta name="twitter:card" content="summary_large_image" />
<script type="application/ld+json" class="yoast-schema-graph">{"@context":"https:\/\/schema.org","@graph":[{"@type":"WebPage","@id":"https:\/\/dohiku.eu\/sk\/shop\/galeria-ohlasy\/jan-kretek-ceska-republika\/","url":"https:\/\/dohiku.eu\/sk\/shop\/galeria-ohlasy\/jan-kretek-ceska-republika\/","name":"Jan Kretek (Česká republika) - DOHIKU","isPartOf":{"@id":"https:\/\/dohiku.eu\/sk\/#website"},"primaryImageOfPage":{"@id":"https:\/\/dohiku.eu\/sk\/shop\/galeria-ohlasy\/jan-kretek-ceska-republika\/#primaryimage"},"image":{"@id":"https:\/\/dohiku.eu\/sk\/shop\/galeria-ohlasy\/jan-kretek-ceska-republika\/#primaryimage"},"thumbnailUrl":"https:\/\/dohiku.eu\/wp-content\/uploads\/2019\/03\/1325-Jan-Kretek-Ceska-republika.jpg","datePublished":"2019-03-01T12:01:56+00:00","breadcrumb":{"@id":"https:\/\/dohiku.eu\/sk\/shop\/galeria-ohlasy\/jan-kretek-ceska-republika\/#breadcrumb"},"inLanguage":"sk-SK","potentialAction":[{"@type":"ReadAction","target":["https:\/\/dohiku.eu\/sk\/shop\/galeria-ohlasy\/jan-kretek-ceska-republika\/"]}]},{"@type":"ImageObject","inLanguage":"sk-SK","@id":"https:\/\/dohiku.eu\/sk\/shop\/galeria-ohlasy\/jan-kretek-ceska-republika\/#primaryimage","url":"https:\/\/dohiku.eu\/wp-content\/uploads\/2019\/03\/1325-Jan-Kretek-Ceska-republika.jpg","contentUrl":"https:\/\/dohiku.eu\/wp-content\/uploads\/2019\/03\/1325-Jan-Kretek-Ceska-republika.jpg","width":800,"height":800},{"@type":"BreadcrumbList","@id":"https:\/\/dohiku.eu\/sk\/shop\/galeria-ohlasy\/jan-kretek-ceska-republika\/#breadcrumb","itemListElement":[{"@type":"ListItem","position":1,"name":"Home","item":"https:\/\/dohiku.eu\/sk\/"},{"@type":"ListItem","position":2,"name":"PRODUCTS","item":"https:\/\/dohiku.eu\/sk\/products\/"},{"@type":"ListItem","position":3,"name":"Jan Kretek (Česká republika)"}]},{"@type":"WebSite","@id":"https:\/\/dohiku.eu\/sk\/#website","url":"https:\/\/dohiku.eu\/sk\/","name":"DOHIKU","description":"Háčiky DOHIKU sú vyrobené z vysoko uhlíkovej ocele, ktorá je kalená a popúšťaná podľa presného receptu.","publisher":{"@id":"https:\/\/dohiku.eu\/sk\/#organization"},"potentialAction":[{"@type":"SearchAction","target":{"@type":"EntryPoint","urlTemplate":"https:\/\/dohiku.eu\/sk\/?s={search_term_string}"},"query-input":{"@type":"PropertyValueSpecification","valueRequired":true,"valueName":"search_term_string"}}],"inLanguage":"sk-SK"},{"@type":"Organization","@id":"https:\/\/dohiku.eu\/sk\/#organization","name":"DOHIKU s.r.o.","url":"https:\/\/dohiku.eu\/sk\/","logo":{"@type":"ImageObject","inLanguage":"sk-SK","@id":"https:\/\/dohiku.eu\/sk\/#\/schema\/logo\/image\/","url":"https:\/\/dohiku.eu\/wp-content\/uploads\/2024\/01\/cropped-dohiku.png","contentUrl":"https:\/\/dohiku.eu\/wp-content\/uploads\/2024\/01\/cropped-dohiku.png","width":137,"height":87,"caption":"DOHIKU s.r.o."},"image":{"@id":"https:\/\/dohiku.eu\/sk\/#\/schema\/logo\/image\/"}}]}</script>
<!-- / Yoast SEO plugin. -->

Jan Kretek (Česká republika) - DOHIKU

Dobrý večer, háčky v pondělí dorazili . Děkujeme zavzorky . Na 301 jsem hned začal vázat do krabičky :-) a do obchodu a putovalo pod foták :-) Pár fotek na ukázku přikládám .-) S pozdravem

Háčiky DOHIKU sú vyrobené z vysoko uhlíkovej ocele, ktorá je kalená a popúšťaná podľa presného receptu.
